{"id":301,"date":"2018-07-25T18:45:24","date_gmt":"2018-07-25T18:45:24","guid":{"rendered":"https:\/\/dev.skischuleaktiv.de\/?page_id=301"},"modified":"2023-09-03T16:00:37","modified_gmt":"2023-09-03T16:00:37","slug":"privatunterricht-ski-snowboard-langlauf","status":"publish","type":"page","link":"https:\/\/www.skischuleaktiv.de\/?page_id=301","title":{"rendered":"Privatunterricht Ski, Snowboard &#038; Langlauf"},"content":{"rendered":"<h4>Es gibt viele gute Gr\u00fcnde, einen Privatunterricht zu buchen:<\/h4>\n<ul style=\"list-style-type: circle;\">\n<li>Sie wollen einen Lehrer, der sich nur um Ihre Bed\u00fcrfnisse k\u00fcmmert?<\/li>\n<li>Sie haben Angst und brauchen intensive mentale Unterst\u00fctzung?<\/li>\n<li>Sie haben nur an bestimmten Terminen Zeit?<\/li>\n<li>Sie wollen m\u00f6glichst schnell vorankommen?<\/li>\n<li>Sie haben eine Verletzung hinter sich und brauchen Hilfe beim Wiedereinstieg?<\/li>\n<\/ul>\n<h4>Unsere speziell ausgebildeten Lehrer k\u00fcmmern sich um Sie!<\/h4>\n<p style=\"text-align: center;\"><button class=\"caldera-forms-modal\" data-form=\"CF5b577cfb329c7\" data-width=\"500\"data-remodal-target=\"cf-modal-CF5b577cfb329c76a04959657254\" title=\"Click to open the form Privatstunden in a modal\">Jetzt Privatstunden anfragen&#8230;<\/button><\/p>\n<p>&nbsp;<\/p>\n<table style=\"border-collapse: collapse; width: 100%;\">\n<tbody>\n<tr class=\"row-1 odd\">\n<th class=\"column-2\" style=\"width: 19.3333%; background-color: #6dccfc; text-align: center; vertical-align: middle; border-style: none;\" scope=\"row\">Preise<\/th>\n<th class=\"column-3\" style=\"width: 27.3333%; background-color: #6dccfc; text-align: center; vertical-align: middle; border-style: none;\" scope=\"row\">Erste Person<\/th>\n<th style=\"width: 13.3333%; background-color: #6dccfc; text-align: center; vertical-align: middle; border-style: none;\" scope=\"row\">jede weitere Person<\/th>\n<\/tr>\n<tr class=\"row-2 even\">\n<td class=\"column-1\" style=\"width: 19.3333%; text-align: center; vertical-align: middle;\">1 Stunde<\/td>\n<td class=\"column-2\" style=\"width: 27.3333%; text-align: center; vertical-align: middle;\">75,- EUR<\/td>\n<td class=\"column-3\" style=\"width: 13.3333%; text-align: center; vertical-align: middle;\">20,- EUR<\/td>\n<\/tr>\n<tr class=\"row-3 odd\">\n<td class=\"column-1\" style=\"width: 19.3333%; text-align: center; vertical-align: middle; background-color: #bfbfbf;\">2 Stunden<\/td>\n<td class=\"column-2\" style=\"width: 27.3333%; text-align: center; vertical-align: middle; background-color: #bfbfbf;\">140,- EUR<\/td>\n<td class=\"column-3\" style=\"width: 13.3333%; text-align: center; vertical-align: middle; background-color: #bfbfbf;\">40,- EUR<\/td>\n<\/tr>\n<tr class=\"row-4 even\">\n<td class=\"column-1\" style=\"width: 19.3333%; text-align: center; vertical-align: middle;\">3 Stunden<\/td>\n<td class=\"column-2\" style=\"width: 27.3333%; text-align: center; vertical-align: middle;\">200,- EUR<\/td>\n<td class=\"column-3\" style=\"width: 13.3333%; text-align: center; vertical-align: middle;\">60,- EUR<\/td>\n<\/tr>\n<tr class=\"row-5 odd\">\n<td class=\"column-1\" style=\"width: 19.3333%; text-align: center; vertical-align: middle; background-color: #bfbfbf;\">Ganzer Tag (5h Unterricht plus 30min Mittagspause)<\/td>\n<td class=\"column-2\" style=\"width: 27.3333%; text-align: center; vertical-align: middle; background-color: #bfbfbf;\">300,- EUR<\/td>\n<td class=\"column-3\" style=\"width: 13.3333%; text-align: center; vertical-align: middle; background-color: #bfbfbf;\">60,- EUR<\/td>\n<\/tr>\n<\/tbody>\n<\/table>\n<p>&nbsp;<\/p>\n<p>&nbsp;<\/p>\n","protected":false},"excerpt":{"rendered":"<p>Es gibt viele gute Gr\u00fcnde, einen Privatunterricht zu buchen: Sie wollen einen Lehrer, der sich nur um Ihre Bed\u00fcrfnisse k\u00fcmmert? Sie haben Angst und brauchen intensive mentale Unterst\u00fctzung? Sie haben nur an bestimmten Terminen Zeit? Sie wollen m\u00f6glichst schnell vorankommen? Sie haben eine Verletzung hinter sich und brauchen Hilfe beim<a class=\"moretag\" href=\"https:\/\/www.skischuleaktiv.de\/?page_id=301\"> Weiterlesen<\/a><\/p>\n","protected":false},"author":1,"featured_media":108,"parent":45,"menu_order":5,"comment_status":"closed","ping_status":"closed","template":"page-templates\/template-fullwidth.php","meta":{"jetpack_post_was_ever_published":false,"footnotes":""},"jetpack_sharing_enabled":true,"jetpack_shortlink":"https:\/\/wp.me\/Paq1nC-4R","_links":{"self":[{"href":"https:\/\/www.skischuleaktiv.de\/index.php?rest_route=\/wp\/v2\/pages\/301"}],"collection":[{"href":"https:\/\/www.skischuleaktiv.de\/index.php?rest_route=\/wp\/v2\/pages"}],"about":[{"href":"https:\/\/www.skischuleaktiv.de\/index.php?rest_route=\/wp\/v2\/types\/page"}],"author":[{"embeddable":true,"href":"https:\/\/www.skischuleaktiv.de\/index.php?rest_route=\/wp\/v2\/users\/1"}],"replies":[{"embeddable":true,"href":"https:\/\/www.skischuleaktiv.de\/index.php?rest_route=%2Fwp%2Fv2%2Fcomments&post=301"}],"version-history":[{"count":8,"href":"https:\/\/www.skischuleaktiv.de\/index.php?rest_route=\/wp\/v2\/pages\/301\/revisions"}],"predecessor-version":[{"id":580,"href":"https:\/\/www.skischuleaktiv.de\/index.php?rest_route=\/wp\/v2\/pages\/301\/revisions\/580"}],"up":[{"embeddable":true,"href":"https:\/\/www.skischuleaktiv.de\/index.php?rest_route=\/wp\/v2\/pages\/45"}],"wp:featuredmedia":[{"embeddable":true,"href":"https:\/\/www.skischuleaktiv.de\/index.php?rest_route=\/wp\/v2\/media\/108"}],"wp:attachment":[{"href":"https:\/\/www.skischuleaktiv.de\/index.php?rest_route=%2Fwp%2Fv2%2Fmedia&parent=301"}],"curies":[{"name":"wp","href":"https:\/\/api.w.org\/{rel}","templated":true}]}}